 are the prime factors of k?
2, 3, 1039
Suppose -3*t + 34 = 5*z, 11 + 11 = 4*t + 2*z. Let b be -1 - t/((-15)/35). List the prime factors of ((-6)/b)/((-3)/168).
2, 7
Suppose 2*n - 4*r = -18, -3*n - 5*r - 6 = -23. Let p(t) = 249*t**2 - t. What are the prime factors of p(n)?
2, 5
Let a(u) = 8*u**3 - 27*u**2 + 29*u + 78. List the prime factors of a(10).
2, 13, 109
Let c = 158 + -145. Suppose -c*s - 104 = -14*s. List the prime factors of s.
2, 13
Suppose 0 = 2*d + y, -2*d + 2*y + 14 = d. Let s(h) = 137*h + 2. Let l(n) = 91*n + 1. Let g(m) = 8*l(m) - 5*s(m). List the prime factors of g(d).
2, 3, 7
Suppose 4*g - 16 - 4 = -2*a, -g = 0. Suppose -a*r = -16*r + 234. What are the prime factors of r?
3, 13
Let c(b) be the first derivative of b**4/4 + 20*b**3/3 + 10*b**2 + b + 28. What are the prime factors of c(-10)?
3, 89
Suppose -5*u - 5241 + 68856 = 0. What are the prime factors of u?
3, 4241
Let m be 2/4 + 1/((-4)/4402). Let a = m - -754. What are the prime factors of (a/4)/(4/(-8))?
173
Suppose 12*m - 119077 - 16662 = 34529. List the prime factors of m.
7, 2027
Suppose -3*l + 9 = v, 192*v - 196*v = -4*l + 28. Let a be (-1 + 497)/(2/2). Suppose -l*o + a = 4*p, -4*o = 2*p - 0*o - 252. List the prime factors of p.
2, 61
Let b(c) = c**3 + 71*c**2 + 112*c + 221. List the prime factors of b(-66).
7, 2087
Suppose -2*b = -6*b - l - 29, -2*l = b + 9. Let o(j) = -31*j + 24. What are the prime factors of o(b)?
241
Let f(b) be the first derivative of -1249*b**2/2 + 18*b + 212. List the prime factors of f(-1).
7, 181
Let n(d) = -d**2 - 7*d + 8. Suppose 18*l - 6*l = -60. Let g be n(l). Suppose -g = -3*t + 216. List the prime factors of t.
2, 3, 13
Suppose 6 = 2*r, 10*r - 9639 = -3*n + 5*r. Suppose -3*k + 5*z + n = 0, 11*z = -5*k + 13*z + 5315. What are the prime factors of k?
1061
Suppose -4*j - 8 + 4 = 0. Let m(h) = -109*h**3 + h**2 + 2*h + 1. List the prime factors of m(j).
109
Suppose -4*i + 49559 = 5*n - 31450, -n + i + 16200 = 0. What are the prime factors of n?
17, 953
Let c(x) = 26*x**2 + 42*x - 272. List the prime factors of c(19).
2, 3, 7, 59
Suppose 26*n + 3460 = 31*n. Suppose 0 = -5*w - n + 2682. List the prime factors of w.
2, 199
Suppose -19*q + 328917 + 426200 = 0. What are the prime factors of q?
11, 3613
Suppose 37*u - 8*u - 164575 = 0. Suppose 1562 = -3*r + u. List the prime factors of r.
3, 457
Let r(h) = h**2 + 3*h. Let c be r(-4). Suppose -a - 1 + 4 = 0. Suppose -5*w + c*j + 0*j + 186 = 0, a*w = 5*j + 122. What are the prime factors of w?
2, 17
Suppose 9*j - 38307 = 1365. What are the prime factors of j?
2, 19, 29
Let k = 240 - 240. Suppose -2*w = 10, k = -f + 5*w - 13 + 44. What are the prime factors of f?
2, 3
Let j(f) = 17*f - 37. Let r be 2/(-1)*(10/(-4) + 2). Let q be 11 + -9 + 5 + r. List the prime factors of j(q).
3, 11
Let l = 513 + -291. Let v = l - 137. List the prime factors of v.
5, 17
Let f(y) = -3*y - 40. Let q be f(-14). Suppose q*k - 7 = -3. Suppose 3*t - 4*g - 412 = 0, 0*g + 268 = k*t + 4*g. List the prime factors of t.
2, 17
Let v be 1/(-3)*(4 - 5 - 20). Suppose 0 = v*a - 1359 - 874. What are the prime factors of a?
11, 29
Let s(g) = -123*g - 83. List the prime factors of s(-26).
5, 7, 89
What are the prime factors of -4 - (21549/(-44))/(5/80)?
2, 11, 89
Let s = 385 + -363. Suppose -29*w + 5313 = -s*w. List the prime factors of w.
3, 11, 23
Let l be (-756)/60 + 13 - 18/(-5). List the prime factors of (627 - (18/6 + 2)) + l.
2, 313
Let j = -24 + 31. Suppose -2*q + 15 = -j*q, 4*u = -5*q + 561. List the prime factors of u.
2, 3
Suppose -232*h = -92*h + 897887 - 12036287. List the prime factors of h.
2, 3, 5, 13, 17
Let p(f) = -f**3 - 19*f**2 - 3*f - 1. Let k be p(-7). Let y = 766 + k. What are the prime factors of y?
2, 3, 11
Suppose 3*l - 45 = c + 592, -3*c - 1875 = 3*l. Let i = c - -1278. What are the prime factors of i?
2, 5, 13
What are the prime factors of 23241 - -5*(-12)/(-60)*1?
2, 11621
List the prime factors of -8 + (190/(-190))/(1/(-52463)).
3, 5, 13, 269
Let x = -32 + 100. Let w = -67 + x. What are the prime factors of (w - (3 - -2))/(38/(-437))?
2, 23
Let x(o) = -7*o**3 - 15*o**2 + 17*o + 36. What are the prime factors of x(-7)?
1583
Let b(q) = -q**3 + 12*q**2 - 7*q + 8. Let g = -20 + 16. Let m = 15 + g. What are the prime factors of b(m)?
2, 13
Let s(m) = 6*m**2 - 2*m**2 + 5546 + 6*m - 5091. List the prime factors of s(0).
5, 7, 13
List the prime factors of 334008/39 - (-136)/(-442).
2, 2141
Suppose 27*y - 148138 = 22070. What are the prime factors of y?
2, 197
List the prime factors of 60/(-12)*194456/(-40).
109, 223
Let y(s) = -3749*s - 725. List the prime factors of y(-7).
2, 3, 4253
What are the prime factors of (13/(-4) + 1)/(230185/(-115064) - -2)?
2, 3, 757
Let m(g) = -390*g + 5044. List the prime factors of m(-11).
2, 13, 359
Let d(m) be the second derivative of -m - 5*m**2 - 39*m**3 + 2*m + 40*m**3. List the prime factors of d(6).
2, 13
Let i(q) = q**3 + 38*q**2 - 10*q - 22. Let h be i(-38). Let a = h - 232. What are the prime factors of a?
2, 3, 7
Suppose -3*w + 13148 = 5*q, -8*w + 4*q + 8780 = -6*w. What are the prime factors of w?
2, 3, 17, 43
Let x(u) = -u**3 - 6*u**2 + 26*u + 19. Let w be x(-9). Suppose -5*y = -4 - 16. List the prime factors of y + (-1508)/(-28) + 4/w.
2, 29
Suppose 3 + 17 = a - 2*t, -3*t - 21 = -a. Suppose 160 = -a*f + 10*f. Let w = f + 78. What are the prime factors of w?
2, 29
Suppose -28747 = -4*r - i, -76*r = -78*r + i + 14369. List the prime factors of r.
2, 3593
Let y = 189 + 212. Let s be (10/8)/((-2)/(-8)). Suppose 294 = s*j - y. List the prime factors of j.
139
Let p(i) = -i - 9. Let w be p(-14). Suppose -351 = -2*q - j, -3*q + w*j - j + 554 = 0. List the prime factors of (q/(-10))/(((-16)/(-10))/(-8)).
89
Suppose f = -2*f. Suppose -631 = 21*t - 694. Suppose 4*u = 2*a + 546, f = -3*u - t*a + 57 + 348. What are the prime factors of u?
2, 17
Let q be (-34)/187 + (-18)/22. Let w be q/(25/(-20) - -1). Suppose -w*p = -72 - 288. What are the prime factors of p?
2, 3, 5
Let y(l) = -l**3 - 3*l**2 + 11*l + 5. Let u be y(-5). Let g be (2 + u/(-5))*1. Suppose 65 = -g*p + 89. List the prime factors of p.
2, 3
Suppose -9*x = -5*x - 32. Let z(g) = 15*g - 12. Let n be z(x). Let l = 201 - n. List the prime factors of l.
3, 31
List the prime factors of (-8 + 10)*(-17843)/(-6)*(-63)/(-7).
3, 7, 2549
Suppose 5*z = -2*o, 0 = 21*z - 25*z - o + 3. Let x(m) = 27*m + 1. Let t be x(8). Let q = z + t. List the prime factors of q.
3, 73
Suppose y + 28 = 5*y. Let c(x) = 64 + 60 - 128 + 9*x + 7*x + 2*x. List the prime factors of c(y).
2, 61
Suppose -27*j + 27045 - 9225 = 0. Let z = j + -314. What are the prime factors of z?
2, 173
What are the prime factors of ((-2)/(-10))/((-2)/14 - 346744/(-2427110))?
34673
Let i(h) = 11*h**3 + 9*h**2 - 21*h + 38. List the prime factors of i(5).
3, 7, 73
Let q(c) = 1618*c + 357. List the prime factors of q(8).
47, 283
Let i(m) = -m**3 - m**2 - 2*m + 5. Let u be i(0). Suppose -w - 275 = -6*w + u*z, 0 = 4*w + 5*z - 256. Suppose -366 = 57*d - w*d. List the prime factors of d.
3, 61
Let b(y) = 7*y**2 - 10*y - 33. Let x(r) = 2*r**2 - 6*r - 17. Let c(k) = 3*b(k) - 5*x(k). Let j = 2 - -2. What are the prime factors of c(j)?
2, 3
Let s(o) = 192*o**3 - 40*o**2 + 198*o - 35. List the prime factors of s(5).
3, 5, 1597
Suppose 26 = -63*n + 65*n. Suppose n*a - 3869 = 2150. What are the prime factors of a?
463
Let i(v) = -27 - 26 + 58 - v. Let t be i(2). Suppose 643 = -0*p + 4*p - m, -t*m = -5*p + 795. What are the prime factors of p?
2, 3
Let j(m) = -3*m - 3. Let o be j(3). Let c be (4/o*3)/(2/(-4)). Suppose 0 = -c*q + q + 155. List the prime factors of q.
5, 31
Let o = -366 + 364. What are the prime factors of 0 + 7 + 192 + o?
197
Suppose -3*z + 3*l - l = -124, 0 = -3*l + 3. Let m be 6/z*7816 + 4/(-7). Suppose 13*g = -24 + m. List the prime factors of g.
2, 3, 7
Suppose 575 = -5*n + 5*d, -9*n + d + 221 = -11*n. Let l be (-1)/(-2)*2 + -22. What are the prime factors of (n/l)/((-8)/(-3) + -2)?
2
Suppose 483*i - 6660736 = 156*i + 393962. List the prime factors of i.
2, 7, 23, 67
What are the prime factors of 9861 - (5 - 5) - ((-6)/3 + 5)?
2, 3, 31, 53
Suppose 644*i + 4*o - 31744 = 640*i, 2*o = 4*i - 31708. List the prime factors of i.
2, 5, 13, 61
Suppose 80*j + 18349 + 18285 - 